m + 3*o = j*o - 8. Calculate the remainder when 45 is divided by m.
5
Let m = -11536 + 11613. Calculate the remainder when 2758 is divided by m.
63
Let g(h) = -5*h**2 - h - 5. Let k be g(0). Let a = k + 13. What is the remainder when 28 is divided by a?
4
Let y(f) = -4*f**3 - 29*f**2 + f - 19. What is the remainder when y(-11) is divided by 35?
0
Let x(p) = p**3 + 47*p**2 - 381*p - 79. Let l(w) = w**3 - w**2 + 3. What is the remainder when x(-54) is divided by l(3)?
20
Let y(x) = 2*x**2 - x**3 + 5*x - x - 3 - 5*x**2 - 3*x**2. Calculate the remainder when ((-16)/20 + 2)*(-75)/(-3) is divided by y(-7).
12
Let m = -19931 - -19940. Calculate the remainder when 209 is divided by m.
2
Let g = 156 - 132. Suppose -c - 3*c = -4*i - 124, 3*c + 2*i = 88. What is the remainder when (19 - g)*(-236)/10 is divided by c?
28
Suppose -8*u + 1959 = -8841. Calculate the remainder when u is divided by 11.
8
Let z = -20656 + 20703. What is the remainder when 4229 is divided by z?
46
Suppose -3*p - 4*a + 51 = 0, 4*p - 42 = 42*a - 43*a. What is the remainder when 1969 is divided by p?
7
Let g(i) = -131*i - 9107. What is the remainder when g(-72) is divided by 2/7 - 733/(-7)?
10
Let i = 46 + -31. Let k(x) = -x**3 - x**2 + x + 2. Calculate the remainder when k(-4) is divided by i.
1
Let h(k) = -2*k - 14. Let j(g) = g + 13. Let n(x) = 6*h(x) + 7*j(x). Let v be n(-8). Suppose v - 8 = 3*z. Calculate the remainder when 23 is divided by z.
10
Suppose -r = 4*d + 12, 0 = 389*r - 385*r - 5*d - 57. Calculate the remainder when 375 is divided by r.
7
Let t = 220 - 210. Calculate the remainder when 115 is divided by 215/t*2 + -3.
35
Suppose -2*q + 2*w = -46, -5*w - 6 = q - 23. Let f be 4/2 + q/(-2). What is the remainder when 83 is divided by (-81)/(-4) - f/12?
20
Calculate the remainder when 1407 is divided by (2 - -35) + (-42)/30*-5.
43
Calculate the remainder when 1273 is divided by (-1*3)/(6/10*230/(-1012)).
19
Suppose 5*h + 95 = 5*a, -4*a - 3*h = -2*a - 28. Suppose 164 = 5*z + c, -2*c = 4*z - 147 + a. Calculate the remainder when 57 is divided by z.
24
Let x = -1 - -1. Suppose 3*u + x*u = 171. Suppose 0 = -8*r + u + 39. What is the remainder when 26 is divided by r?
2
Suppose 0 = 19716*z - 19437*z - 26505. What is the remainder when z is divided by 4/(-6) + (-100)/(-6)?
15
Let o(v) = -v**3 + 10*v**2 + 18*v - 54. Calculate the remainder when (13 + -6)/((-2)/(-22)) is divided by o(11).
8
Suppose -245465 = -21*v - 3*v - 108233. Calculate the remainder when v is divided by 13.
11
Let r(g) = 3*g**2 + 105*g + 1163. Calculate the remainder when r(-10) is divided by 85.
73
Let i(l) = l**2 - 12*l + 39. Let h be i(7). Suppose 0 = -6*v + 4*v + 64. Calculate the remainder when 110 is divided by 42/h*v/12.
26
Let q = 9375 + -9131. What is the remainder when q is divided by 23?
14
Suppose z + 0*q - 6 = 3*q, 0 = -z - 4*q + 34. Suppose z*k = 4030 + 5510. What is the remainder when k is divided by 59?
58
Let m = 486 + -433. Let j = m + -38. What is the remainder when 237 is divided by j?
12
Let x(h) = -35*h**3 + 3*h**2 + 7*h + 4. Calculate the remainder when x(-1) is divided by 0*1/2 - -13.
9
Let f(v) = v**2 - 8*v + 6. Let o be f(7). Let y be 2 - (7 - 1) - o. Let w = y - -30. Calculate the remainder when 106 is divided by w.
25
Suppose 0 = -4*a + 4*h - 24, 2*a + 3*h + 18 = -a. Calculate the remainder when 147 is divided by -3 - a/(-5)*(-2100)/90.
22
Let k = -2664 - -2721. Calculate the remainder when 312 is divided by k.
27
Let f = -172 - -181. What is the remainder when 6/f + (-845)/(-15) is divided by 17?
6
Let r = -70 + 188. Let x be (4*-20)/(-10) + -724. Let v = -701 - x. What is the remainder when r is divided by v?
13
Suppose 5*i - 495 = 850. Suppose 3*s + 3*b = 81, -5*b - 594 = -649. What is the remainder when i is divided by s?
13
Let g = 76 - 28. Suppose 5*w + 2*y - g = 0, -29 + 5 = -w - 4*y. Suppose -4*d - w*d = -1044. What is the remainder when d is divided by 10?
7
Let n = 10 + 40. Let h(f) = -34*f + 1 + 0 + f**2 + n*f. What is the remainder when 69 is divided by h(-17)?
15
Let r(m) = 322*m**3 - 6*m**2 + 10*m - 13. Let w be r(2). Suppose 2723 = 19*n - w. Let z = 63 - 32. Calculate the remainder when n is divided by z.
30
Let r = -69 + 72. What is the remainder when (84/20 - (2 + -3))/((-17)/(-85)) is divided by r?
2
Suppose -60 = 2*s + 24. Let c = s - -47. Calculate the remainder when c is divided by (-6 + 91/14)*(-2)/(-1).
0
Suppose 4*n - 9*n = -10, 4*g - 3*n = 9418. What is the remainder when g is divided by 9?
7
Let w(a) = a**3 + 65*a**2 - 819*a + 28. What is the remainder when w(-75) is divided by 402?
379
Let q = -538 + 517. Calculate the remainder when 593 is divided by 19 + 1 + (-19 - q).
21
Let x(g) = 274*g**2 + 1048*g - 8. What is the remainder when x(-4) is divided by 101?
83
Suppose -26193 + 6343 = -25*b. What is the remainder when b is divided by 15?
14
Suppose 31 = -12*i + 16*i - 5*t, 5*t = -5*i + 50. Let a(j) = -j**3 + 11*j**2 - 16*j + 9. Calculate the remainder when 288 is divided by a(i).
18
Let x = 6077 - 5948. Calculate the remainder when 1032 is divided by x.
0
Suppose 39*y = 33*y + 21504. What is the remainder when y is divided by 163?
161
Suppose 0 = -3*g + 61 + 86. What is the remainder when ((-212)/9 - (-1044)/(-2349))*(1 + -7) is divided by g?
46
Suppose 5*d = -40, 1689 + 43460 = 5*s - 3*d. What is the remainder when s is divided by 70?
65
Suppose 0 = -5*r - 814 + 8464. What is the remainder when r is divided by 109?
4
Suppose 3*v + 173 = 179. Suppose -v*o = 2*u - 106, 4*u - 182 = o + o. What is the remainder when 187 is divided by u?
43
Let z = -51 + 98. Suppose 0 = -2*n - 365 + 379. What is the remainder when z is divided by n?
5
Let r = 17914 - 17810. Let c = -18 + 44. What is the remainder when r is divided by c?
0
Let o(z) = 62*z - 52. Let x be o(-4). Let v = 328 + x. Calculate the remainder when 109 is divided by v.
25
Let m(l) = l**2 - 18*l - 50. Let a(n) = 2*n + 4. Let j be a(9). Let y be m(j). Let u = y + -27. Calculate the remainder when u is divided by 5.
1
Let p(a) = 29*a**3 + a**2 + 12*a - 17. Let o be p(2). Suppose 3 = 5*x - 4*x. Suppose -x*z + o = -33. What is the remainder when z is divided by 31?
30
Let v = -1317 - -1402. Suppose 0 = -8*q + 6*q - 3*i + 64, -4*i - 128 = -4*q. Calculate the remainder when v is divided by q.
21
Suppose c + 5*k + 7 = 0, -120 + 25 = -5*c + k. Let b = -56013 - -56134. Calculate the remainder when b is divided by c.
13
Let g = 6 - -8. Calculate the remainder when g is divided by (-10)/((-40)/192*6).
6
Suppose -82*q + 2436 + 19868 = 0. Calculate the remainder when q is divided by 93.
86
Suppose -3*y - 3*u + 174 = 0, 0 = y + 5*u - 53 - 21. Let a(l) = -2*l**2 + 23*l + 10. Let w be a(12). Calculate the remainder when y is divided by 175/15 + w/3.
10
Let p = -6116 + 8428. What is the remainder when p is divided by 210?
2
Let x be (-5)/(-2 - (-5)/(-10)). Suppose 0 = 4*j - 2*i + 6, -3*j + x*j - 5*i = -15. Calculate the remainder when 41 is divided by -2 - (-21 + 0) - (3 - j).
9
Let y(g) = 5*g - 31. Let z be y(9). Suppose -22 = -12*l + z. What is the remainder when 13 is divided by l?
1
Let k(f) = f**2 + 23*f - 13. Let s be k(8). Suppose -108 - s = -5*a - 2*c, -3*c + 12 = 0. What is the remainder when a is divided by 29?
9
Let z(u) = u**3 - 3*u**2 + 3*u + 16. Let i be z(0). Let v = 18 + -16. Suppose -5*m - v*s - 2*s = -121, i = 4*s. What is the remainder when 83 is divided by m?
20
Suppose 2*y = 3*y + 2*o + 2, 3*o + 3 = 2*y. Suppose 0 = -y*f - 5*f + 120. Suppose 2*a - 380 = -2*a. What is the remainder when a is divided by f?
23
Suppose -19*t = 16*t - 105. Let p(x) = 4*x**2 - 6*x + 24. What is the remainder when 83 is divided by p(t)?
41
Suppose 18 = -3*d - 3*y - 75, 3*d = 3*y - 69. Let t(r) = 11*r + 307. Let s(c) = c**3 + 8*c**2 + 3*c - 6. Calculate the remainder when s(-6) is divided by t(d).
8
Let t(c) = -77*c - 2. Suppose 126 = 4*i + 85*d - 87*d, 4*d + 44 = 0. What is the remainder when t(-3) is divided by i?
21
What is the remainder when (-33)/((-1155)/4592) + 6/(-5) is divided by 53?
24
What is the remainder when 9596 is divided by 29 - ((-598)/(-26) + -23)?
26
Let i = 10613 - 10023. What is the remainder when i is divided by 128?
78
Suppose 2*g + 3*g = 545. Let s(b) = -b**3 - 15*b**2 - 31*b + 115. Calculate th